actors of 2547148825.
5, 13, 7837381
What are the prime factors of 168162024?
2, 3, 7006751
What are the prime factors of 3072346500?
2, 3, 5, 2048231
List the prime factors of 68014983.
3, 67, 338383
What are the prime factors of 5332951286?
2, 13, 12569, 16319
What are the prime factors of 2948990931?
3, 19, 23, 749807
List the prime factors of 106250066.
2, 13, 1621, 2521
What are the prime factors of 165163568?
2, 17, 607219
List the prime factors of 299994229.
299994229
What are the prime factors of 758035?
5, 151607
What are the prime factors of 773848790?
2, 5, 11, 13, 541153
What are the prime factors of 14526138?
2, 3, 11, 97, 2269
What are the prime factors of 19085581?
71, 268811
List the prime factors of 1655067224.
2, 206883403
What are the prime factors of 20896940?
2, 5, 1044847
List the prime factors of 1191606931.
23, 787, 65831
List the prime factors of 17235292.
2, 4308823
What are the prime factors of 302496434?
2, 151248217
List the prime factors of 808964984.
2, 151, 669673
List the prime factors of 339376325.
5, 97, 349, 401
List the prime factors of 108073707.
3, 7, 37, 139091
What are the prime factors of 919544464?
2, 57471529
List the prime factors of 5786706.
2, 3, 157, 6143
List the prime factors of 330957461.
330957461
What are the prime factors of 160719301?
109, 1474489
List the prime factors of 230775170.
2, 5, 17, 47, 1699
What are the prime factors of 1278332815?
5, 255666563
List the prime factors of 289984223.
289984223
List the prime factors of 293442757.
61, 443, 10859
List the prime factors of 1299301087.
7, 311, 596831
List the prime factors of 24133915.
5, 13, 371291
What are the prime factors of 58596834?
2, 3, 9766139
What are the prime factors of 71097079?
71097079
What are the prime factors of 17428345?
5, 11, 316879
What are the prime factors of 6447033565?
5, 7, 229, 804371
List the prime factors of 904401259.
179, 5052521
What are the prime factors of 885064083?
3, 163, 239, 7573
What are the prime factors of 39704400?
2, 3, 5, 41, 269
List the prime factors of 1812417720.
2, 3, 5, 73, 206897
What are the prime factors of 6679822395?
3, 5, 503, 885331
What are the prime factors of 334978443?
3, 113, 109793
List the prime factors of 245168921.
149, 1645429
What are the prime factors of 1797824741?
157, 11451113
List the prime factors of 2688444665.
5, 537688933
List the prime factors of 92583469.
11, 1609, 5231
List the prime factors of 1015932059.
1015932059
List the prime factors of 270122543.
929, 290767
List the prime factors of 122100769.
7, 277, 62971
What are the prime factors of 686145617?
15121, 45377
List the prime factors of 4852122179.
71, 68339749
What are the prime factors of 38847888?
2, 3, 349, 773
List the prime factors of 234955037.
10513, 22349
What are the prime factors of 37205457?
3, 12401819
List the prime factors of 1671204537.
3, 185689393
What are the prime factors of 31156540?
2, 5, 83, 137
List the prime factors of 83748218.
2, 5101, 8209
List the prime factors of 728858173.
53, 13752041
What are the prime factors of 696763857?
3, 701, 331319
List the prime factors of 17659833.
3, 5886611
List the prime factors of 110325727.
110325727
List the prime factors of 450187264.
2, 131, 839
What are the prime factors of 361407451?
73, 67819
What are the prime factors of 31993135?
5, 47, 109, 1249
What are the prime factors of 1341306875?
5, 2146091
List the prime factors of 2661225994.
2, 7, 19, 23, 251, 1733
What are the prime factors of 262020296?
2, 421, 77797
List the prime factors of 101241826.
2, 7, 7231559
What are the prime factors of 3967011488?
2, 11, 11269919
List the prime factors of 578310880.
2, 5, 7, 516349
What are the prime factors of 148600271?
148600271
What are the prime factors of 69990565?
5, 13998113
What are the prime factors of 59770580?
2, 5, 19, 157291
What are the prime factors of 19736211?
3, 11, 29, 41, 503
What are the prime factors of 63853244?
2, 7, 13, 23, 29, 263
List the prime factors of 100557744.
2, 3, 7, 107, 2797
List the prime factors of 1833178425.
3, 5, 13, 17, 19, 5821
List the prime factors of 225102361.
11, 157, 130343
List the prime factors of 80167418.
2, 2137, 18757
List the prime factors of 19419179.
13, 1493783
What are the prime factors of 273889558?
2, 136944779
List the prime factors of 684074369.
11, 62188579
List the prime factors of 134218627.
134218627
What are the prime factors of 874058589?
3, 97117621
List the prime factors of 432404760.
2, 3, 5, 3603373
List the prime factors of 94232014.
2, 347, 135781
What are the prime factors of 1262426581?
13, 97109737
List the prime factors of 1421544504.
2, 3, 29, 2042449
List the prime factors of 2141160894.
2, 3, 118953383
List the prime factors of 1872797379.
3, 23, 27141991
What are the prime factors of 39065169?
3, 11, 13, 41, 2221
What are the prime factors of 1654839378?
2, 3, 91935521
What are the prime factors of 1128811829?
19777, 57077
List the prime factors of 1666887689.
17, 19, 5160643
What are the prime factors of 145218240?
2, 3, 5, 50423
List the prime factors of 123217817.
123217817
What are the prime factors of 48072029?
173, 241, 1153
What are the prime factors of 38897178?
2, 3, 29, 223547
What are the prime factors of 2211665364?
2, 3, 31, 660593
What are the prime factors of 81525165?
3, 5, 5435011
List the prime factors of 1069378885.
5, 4937, 43321
What are the prime factors of 484568824?
2, 53, 1142851
What are the prime factors of 709831107?
3, 17, 30323
What are the prime factors of 12760341?
3, 11, 386677
What are the prime factors of 3506220231?
3, 1168740077
List the prime factors of 1944117437.
59, 983, 33521
List the prime factors of 1516250457.
3, 463, 363871
What are the prime factors of 1215064665?
3, 5, 1997, 4507
What are the prime factors of 187140459?
3, 11, 31, 182933
List the prime factors of 35713776.
2, 3, 7, 106291
List the prime factors of 2429214401.
6323, 384187
List the prime factors of 355667626.
2, 797, 223129
List the prime factors of 7118487.
3, 89, 8887
List the prime factors of 273210774.
2, 3, 17, 157561
What are the prime factors of 4819020244?
2, 1637, 735953
What are the prime factors of 138565701?
3, 193, 26591
List the prime factors of 88114501.
37, 2381473
What are the prime factors of 518734783?
7, 37, 1231, 1627
List the prime factors of 175169921.
17, 1277, 8069
What are the prime factors of 381419544?
2, 3, 11, 1444771
What are the prime factors of 7001412976?
2, 437588311
List the prime factors of 804309586.
2, 23, 79, 9623
List the prime factors of 279203814.
2, 3, 2203, 2347
List the prime factors of 911680838.
2, 19, 41, 757, 773
List the prime factors of 3653240065.
5, 157, 193, 24113
List the prime factors of 137086776.
2, 3, 17, 37, 1009
What are the prime factors of 161895797?
7, 937, 24683
What are the prime factors of 85786672?
2, 19, 31, 9103
List the prime factors of 172507548.
2, 3, 269, 53441
What are the prime factors of 1390840582?
2, 37, 18795143
What are the prime factors of 41373800?
2, 5, 13, 15913
List the prime factors of 1009407337.
31, 2503, 13009
List the prime factors of 1399130359.
11, 257, 494917
What are the prime factors of 71795479?
7, 1163, 8819
What are the prime factors of 3341648490?
2, 3, 5, 59, 1097, 1721
List the prime factors of 425867159.
19, 71, 315691
What are the prime factors of 364585142?
2, 71, 197, 13033
What are the prime factors of 1691479044?
2, 3, 3541, 4423
What are the prime factors of 15861518?
2, 7930759
What are the prime factors of 482307176?
2, 13, 31, 211, 709
What are the prime factors of 466470499?
11, 523, 81083
List the prime factors of 55923343.
7, 2521, 3169
What are the prime factors of 334293305?
5, 31, 2156731
List the prime factors of 23404859.
107, 218737
List the prime factors of 60304820.
2, 5, 37, 227, 359
List the prime factors of 27813141.
3, 23, 134363
List the prime factors of 781865139.
3, 11, 17, 101, 13799
List the prime factors of 531293060.
2, 5, 733, 36241
What are the prime factors of 1136492010?
2, 3, 5, 2521, 5009
List the prime factors of 855947386.
2, 7, 31, 281747
List the prime factors of 287125189.
13, 17, 1299209
What are the prime factors of 549740455?
5, 11, 127, 211, 373
List the prime factors of 183698095.
5, 7,